ided by 142?
16
Calculate the remainder when 720 is divided by 211.
87
Calculate the remainder when 1682 is divided by 43.
5
Calculate the remainder when 106 is divided by 29.
19
Calculate the remainder when 1154 is divided by 196.
174
What is the remainder when 4990 is divided by 2489?
12
Calculate the remainder when 343 is divided by 95.
58
Calculate the remainder when 174 is divided by 25.
24
What is the remainder when 1246 is divided by 24?
22
What is the remainder when 1514 is divided by 253?
249
Calculate the remainder when 100 is divided by 48.
4
What is the remainder when 477 is divided by 48?
45
What is the remainder when 3464 is divided by 55?
54
Calculate the remainder when 286 is divided by 16.
14
Calculate the remainder when 164 is divided by 33.
32
What is the remainder when 243 is divided by 61?
60
Calculate the remainder when 3844 is divided by 1920.
4
Calculate the remainder when 371 is divided by 25.
21
Calculate the remainder when 416 is divided by 162.
92
Calculate the remainder when 1492 is divided by 6.
4
What is the remainder when 84 is divided by 23?
15
Calculate the remainder when 2701 is divided by 33.
28
Calculate the remainder when 258 is divided by 23.
5
What is the remainder when 60 is divided by 9?
6
What is the remainder when 17 is divided by 16?
1
Calculate the remainder when 2422 is divided by 8.
6
What is the remainder when 1340 is divided by 658?
24
What is the remainder when 64 is divided by 13?
12
Calculate the remainder when 1103 is divided by 106.
43
Calculate the remainder when 1450 is divided by 28.
22
What is the remainder when 37 is divided by 29?
8
What is the remainder when 541 is divided by 113?
89
Calculate the remainder when 169 is divided by 48.
25
What is the remainder when 487 is divided by 73?
49
Calculate the remainder when 7997 is divided by 23.
16
What is the remainder when 1681 is divided by 827?
27
What is the remainder when 105 is divided by 28?
21
What is the remainder when 1038 is divided by 474?
90
Calculate the remainder when 9359 is divided by 104.
103
What is the remainder when 44 is divided by 4?
0
Calculate the remainder when 261 is divided by 33.
30
What is the remainder when 840 is divided by 29?
28
What is the remainder when 9749 is divided by 25?
24
What is the remainder when 167 is divided by 28?
27
What is the remainder when 1367 is divided by 12?
11
What is the remainder when 139 is divided by 35?
34
Calculate the remainder when 61 is divided by 7.
5
Calculate the remainder when 133 is divided by 28.
21
Calculate the remainder when 171 is divided by 157.
14
What is the remainder when 149 is divided by 102?
47
What is the remainder when 8988 is divided by 27?
24
Calculate the remainder when 564 is divided by 9.
6
Calculate the remainder when 791 is divided by 292.
207
Calculate the remainder when 44 is divided by 13.
5
What is the remainder when 127 is divided by 71?
56
What is the remainder when 140 is divided by 45?
5
What is the remainder when 552 is divided by 118?
80
Calculate the remainder when 233 is divided by 63.
44
What is the remainder when 171 is divided by 52?
15
Calculate the remainder when 1327 is divided by 148.
143
Calculate the remainder when 78 is divided by 41.
37
Calculate the remainder when 1401 is divided by 12.
9
What is the remainder when 305 is divided by 66?
41
Calculate the remainder when 4607 is divided by 115.
7
Calculate the remainder when 240 is divided by 11.
9
What is the remainder when 8935 is divided by 79?
8
What is the remainder when 801 is divided by 158?
11
Calculate the remainder when 240 is divided by 62.
54
What is the remainder when 417 is divided by 39?
27
What is the remainder when 336 is divided by 61?
31
Calculate the remainder when 293 is divided by 29.
3
Calculate the remainder when 135 is divided by 49.
37
What is the remainder when 256 is divided by 129?
127
What is the remainder when 208 is divided by 27?
19
Calculate the remainder when 2894 is divided by 42.
38
Calculate the remainder when 87 is divided by 5.
2
What is the remainder when 488 is divided by 159?
11
What is the remainder when 2126 is divided by 192?
14
What is the remainder when 80 is divided by 12?
8
What is the remainder when 54 is divided by 17?
3
What is the remainder when 12350 is divided by 29?
25
Calculate the remainder when 61 is divided by 17.
10
Calculate the remainder when 15 is divided by 10.
5
Calculate the remainder when 113 is divided by 38.
37
Calculate the remainder when 2389 is divided by 23.
20
Calculate the remainder when 13335 is divided by 117.
114
What is the remainder when 67 is divided by 7?
4
What is the remainder when 572 is divided by 53?
42
Calculate the remainder when 1427 is divided by 21.
20
Calculate the remainder when 143 is divided by 21.
17
What is the remainder when 1112 is divided by 356?
44
Calculate the remainder when 435 is divided by 249.
186
What is the remainder when 45 is divided by 26?
19
Calculate the remainder when 288 is divided by 42.
36
Calculate the remainder when 551 is divided by 47.
34
Calculate the remainder when 1824 is divided by 183.
177
Calculate the remainder when 1306 is divided by 435.
1
What is the remainder when 14455 is divided by 3?
1
What is the remainder when 735 is divided by 77?
42
What is the remainder when 495 is divided by 31?
30
Calculate the remainder when 1558 is divided by 776.
6
What is the remainder when 155 is divided by 52?
51
What is the remainder when 242 is divided by 80?
2
Calculate the remainder when 226 is divided by 88.
50
Calculate the remainder when 6350 is divided by 318.
308
Calculate the remainder when 316 is divided by 52.
4
Calculate the remainder when 300 is divided by 41.
13
What is the remainder when 9434 is divided by 11?
7
What is the remainder when 60 is divided by 48?
12
What is the remainder when 2339 is divided by 65?
64
Calculate the remainder when 1212 is divided by 45.
42
What is the remainder when 554 is divided by 18?
14
Calculate the remainder when 80 is divided by 29.
22
What is the remainder when 59 is divided by 59?
0
Calculate the remainder when 3422 is divided by 25.
22
What is the remainder when 251 is divided by 12?
11
Calculate the remainder when 244 is divided by 31.
27
Calculate the remainder when 81 is divided by 78.
3
Calculate the remainder when 2224 is divided by 734.
22
Calculate the remainder when 6173 is divided by 21.
20
Calculate the remainder when 19692 is divided by 9841.
10
Calculate the remainder when 39215 is divided by 86.
85
What is the remainder when 165 is divided by 34?
29
What is the remainder when 1496 is divided by 100?
96
Calculate the remainder when 23645 is divided by 16.
13
What is the remainder when 33525 is divided by 88?
85
What is the remainder when 2567 is divided by 255?
17
Calculate the remainder when 99 is divided by 26.
21
What is the remainder when 1634 is divided by 164?
158
What is the remainder when 252 is divided by 108?
36
Calculate the remainder when 66 is divided by 24.
18
Calculate the remainder when 194 is divided by 184.
10
Calculate the remainder when 6188 is divided by 41.
38
Calculate the remainder when 153 is divided by 12.
9
Calculate the remainder when 378 is divided by 164.
50
What is the remainder when 61 is divided by 16?
13
Calculate the remainder when 483 is divided by 45.
33
What is the remainder when 292 is divided by 6?
4
Calculate the remainder when 129 is divided by 46.
37
What is the remainder when 135 is divided by 68?
67
What is the remainder when 43 is divided by 38?
5
Calculate the remainder when 242 is divided by 47.
7
Calculate the remainder when 269 is divided by 23.
16
What is the remainder when 458 is divided by 51?
50
What is the remainder when 28 is divided by 25?
3
Calculate the remainder when 265 is divided by 14.
13
Calculate the remainder when 1767 is divided by 177.
174
What is the remainder when 349 is divided by 13?
11
What is the remainder when 3454 is divided by 12?
10
What is the remainder when 1085 is divided by 534?
17
Calculate the remainder when 1249 is divided by 46.
7
Calculate the remainder when 441 is divided by 218.
5
What is the remainder when 572 is divided by 56?
12
What is the remainder when 151 is divided by 26?
21
Calculate the remain